it of u?
1
Suppose v + 0*v = 3*x - 641, -5*v + 665 = 3*x. What is the units digit of x?
5
Let m = 7 - 43. Let c = -36 - m. Suppose k + c*k - 44 = 0. What is the units digit of k?
4
Let b(g) be the first derivative of -g**4/4 - 20*g**3/3 - 13*g**2 - 22*g - 5. Let m be (3/(-4 + 1) - 18) + 0. What is the hundreds digit of b(m)?
1
Let h(a) = -3*a**2 - 20 + 8*a**2 + 3*a**2 - 5*a**2 - 2*a. What is the units digit of h(11)?
1
Let u = 3858 + -733. What is the thousands digit of u?
3
Let g(m) = -228*m + 787. What is the units digit of g(-25)?
7
Let g = -32 + 36. Let p be 35/g - 4/(-16). Let x(f) = -f**3 + 11*f**2 + 6*f - 8. What is the units digit of x(p)?
8
Let m(f) = -24 - 9*f**3 + 4*f**3 + 3*f**3 + 16*f**2 + 0*f**3. What is the tens digit of m(6)?
2
Let n = 4 + 81. Suppose -3*a - 298 = -4*k, -4*a = -4*k + 211 + n. Suppose 0*v - 2*y = -v + 84, -2*y + k = v. What is the tens digit of v?
8
Let p(h) = h**3 + 33*h**2 - 2*h - 74. Let r be p(-33). What is the units digit of 6/r + (103950/(-24))/(-11)?
3
Suppose 2*g - 5 = -3*d, g = -4*d + 6 - 1. What is the units digit of (g - 0 - -199) + 59/(-59)?
9
Let z = -8 - -8. Let p(h) = -h**2 + 193. Let y(i) = 1. Let d(f) = p(f) + 3*y(f). What is the hundreds digit of d(z)?
1
Suppose 2*t + 7*l - 19276 = l, 5*t = 2*l + 48309. What is the tens digit of t?
5
Suppose -2*y = 5*a - 100, 3*y + 3*a = 117 + 24. Let m be ((-174)/(-18))/(3/y). Suppose -5*c = -2*d + 57, 0 = -5*d + c + m + 32. What is the units digit of d?
6
Let v be -2 + (10 + -5 - 24). Let m be 1755/v + (-27)/63. What is the hundreds digit of ((138/(-9))/(-2))/((-4)/m)?
1
Suppose 4071210 = 42*l + 50*l - 37*l. What is the units digit of l?
2
Suppose -r = -2*p - 328, -4*p + 215 + 719 = 3*r. Let j = -294 + r. What is the units digit of j?
4
Let h be (5 + -4)*(-54)/2. Let s be 6*-3*(6 + -3)/h. What is the tens digit of -1 + 0 + s/((-2)/(-145))?
4
Let b be 6/27 - 4028/(-18). Suppose 9*p = b + 73. What is the units digit of p?
3
Let i(k) = 16889*k + 648. What is the thousands digit of i(3)?
1
Suppose -o - 7 = 6*o. What is the hundreds digit of (10/(-5))/(o - (-566)/570)?
2
Let s(d) = 5*d**2 + 22. Let b = 68 - 62. Let u be s(b). Suppose g - u = f - 12, -2*g = 2*f - 372. What is the tens digit of g?
8
What is the ten thousands digit of 2/((-2)/(-51378*(15/3)/15))?
1
Suppose -t + 2*b = -16, 0 = -2*t - 3*b - b + 72. Suppose 4*v - 5*i = t, 3*v - 8*v + 3*i + 26 = 0. Suppose f + 267 = v*f. What is the units digit of f?
9
Suppose -3022 = -g - 2*p + 3*p, 4*g + 3*p - 12060 = 0. What is the thousands digit of g?
3
Let g(s) = -734*s - 25. Let w(r) = 245*r + 9. Let v(m) = -6*g(m) - 17*w(m). What is the units digit of v(3)?
4
Let w = 311 - 307. Suppose w*j - 300 = 652. What is the units digit of j?
8
Let o(v) = -v**3 - 2*v**2 + 6*v + 3457. What is the thousands digit of o(0)?
3
Suppose 5*c = -2*f + 107983, 5*f + 5*c - 276803 = -6808. What is the ten thousands digit of f?
5
Suppose -21*a + 168797 = -12*a + 14*a. What is the hundreds digit of a?
3
Let w(y) = -21*y - 15*y + 462*y**2 + 34*y. What is the hundreds digit of w(-1)?
4
What is the ten thousands digit of (15 - 598/26)/(-2 - (-9300)/4651)?
1
Let d = 19 - 15. Suppose -d*l - 8*l = -5484. What is the hundreds digit of l?
4
Suppose -179*y - 25 = -174*y. Let m(v) = -v**2 - 22*v - 7. What is the units digit of m(y)?
8
Let x(m) = 5*m**2 + 7*m + 9. Let b be x(-3). Let u = -354 + b. Let v = 452 + u. What is the hundreds digit of v?
1
Let n = -10 - -4. Let k = 1292 - 1493. Let t = n - k. What is the hundreds digit of t?
1
Let y(r) = r**3 - 6*r**2 - 4*r - 18. Let j be y(7). Suppose j*i = 10 + 5. Suppose 76 = n + 5*w - 2*w, 4*n - 253 = i*w. What is the units digit of n?
7
What is the thousands digit of (-22)/(-3)*1391724/1474?
6
Suppose -26*u + 70 + 34 = 0. Suppose u*r - 16*r = -15348. What is the units digit of r?
9
Let j = 800 + -164. Suppose 2*t - j = -338. What is the tens digit of t?
4
Let k be (1 - 6) + 16 + -11. What is the tens digit of (k - 1)*(-1 + -27)?
2
Let h = 94 - 118. What is the hundreds digit of h/(-16) - (-34)/(-4)*-41?
3
Let r be (11 - 3)*1*(-239)/(-4). Let c be r/(-3 + (-1)/(-3 - -2)). Let n = -113 - c. What is the tens digit of n?
2
Let k be ((-138)/(-12) - 5) + 5/(-2). Suppose -y + 546 + 731 = 4*w, w = k*y - 5074. What is the units digit of y?
9
Let a = 125359 + -85108. What is the ten thousands digit of a?
4
Suppose 2*h + 3*a - 20998 = 19004, 0 = a. What is the tens digit of h?
0
Let t = -21121 - -40461. What is the units digit of t?
0
Let z(k) = -k**2 - 31*k - 238. Let t be z(-15). What is the units digit of ((-3127)/(-7) - 28/(-98)) + t?
9
What is the hundreds digit of (-14)/(-77) + 1110371/253?
3
Let h be 2/(-8) + (-11)/4. Suppose -o - 31 = -30, 2*g - 2*o - 10 = 0. What is the tens digit of (g/(-1))/(-4*h/(-150))?
5
What is the units digit of 2/9 + (-48480)/(-54) + 13?
1
Suppose 9223292 = -126*l + 458*l. What is the units digit of l?
1
Let y(w) = 483*w - 1710. What is the hundreds digit of y(4)?
2
Suppose 2*i + 3*i = -75. Let d be (-30)/4*168/i. Let z = -26 + d. What is the tens digit of z?
5
Let o(r) = 2*r**3 + 2*r**2 - 14*r - 13. Let b be o(-13). Let f = -2735 - b. What is the tens digit of f?
5
Let l(w) = 6*w**3 - w**2 + 32*w - 7. Let v(b) = 5*b**3 - b**2 + 31*b - 6. Let t(c) = -4*l(c) + 5*v(c). What is the tens digit of t(8)?
6
Let q = 47 + -42. Let v be ((-4)/q)/((-160)/25 + 6). Suppose -3*j - v*h + 482 = -0*h, 2*j = h + 326. What is the hundreds digit of j?
1
Let p(m) be the second derivative of 7*m**4/6 + 5*m**3/3 - 19*m**2 + 24*m + 2. What is the units digit of p(4)?
6
Let a be (-1186)/(-5) - 1/(45/(-36)). Suppose -o = -a + 56. What is the tens digit of o?
8
Let q be 9*(-2)/(-5*(-30)/175). What is the hundreds digit of (9612/q)/(-1) - (-8)/28?
4
Let s = -703 - -256. Let i = s - -817. What is the tens digit of i?
7
Suppose 10*z - 4*n = 12*z - 42, -5*z - n + 114 = 0. Suppose 9*r + 4606 = z*r. What is the units digit of r?
9
Suppose h - 32 - 13 = 0. Suppose -38*c + h*c - 2233 = 0. What is the units digit of c?
9
Let v = 5530 + -63. What is the units digit of v?
7
Let j(d) = 29*d**2 + 23*d + 45. What is the hundreds digit of j(-18)?
0
Let n = -16118 + 18900. What is the tens digit of n?
8
Let u(l) = -l + 15. Let t be u(11). Suppose 0 = -5*i - 3*o + 230, -t = o + 1. What is the units digit of i?
9
Suppose 7 = 6*r - 59. Let j(c) = 4*c**2 - 18*c - 41. What is the units digit of j(r)?
5
Suppose 87591 + 487194 = 14*z - 289029. What is the units digit of z?
1
Suppose -4*i = -6*i - 4. Let z be 0/(-3) + i + 4. Suppose 6 = -3*k, b + b - 108 = z*k. What is the tens digit of b?
5
Suppose 3*f + 10*c - 68325 = 0, -f - 81*c = -77*c - 22771. What is the thousands digit of f?
2
Suppose 0 = -50*y + 53*y - 24. Let n(r) = y + 4 - 15*r - r - r. What is the units digit of n(-12)?
6
Suppose -31207 = -33*d + 28*d - 3*g, -d = 5*g - 6237. What is the tens digit of d?
4
Let m be (-2 - -4)*-1*(-139)/2. Suppose 3*y - 278 = -2*a, a + y = -0*a + m. Suppose d + 2*v - a = 0, -5*d + 3*v + 936 - 176 = 0. What is the units digit of d?
9
Let f = -1081193 + 2332366. What is the tens digit of (-2)/11 + f/847?
7
Let c = 100 + -170. What is the tens digit of (-9)/(-21) - 55690/c?
9
What is the units digit of (2 + (0 - -3))/(8/25456)?
0
Let u(h) = 99*h**2 + 20*h + 5. Let z be u(-5). Suppose -3*x + z = 4*x. What is the units digit of x?
0
Let b(r) = 81*r + 688. Let g(a) = -27*a - 228. Let u(q) = 3*b(q) + 8*g(q). What is the tens digit of u(24)?
8
Let b(g) = 212*g**2 - 18*g - 67. What is the tens digit of b(-5)?
2
Let l(v) = 111*v**2 - 4*v - 10. Let h be 9/(-3)*(10/6 + -1). What is the tens digit of l(h)?
4
Let o be ((-9)/(-27))/(2/270). Let x be 54/10 + (-18)/o. Suppose -4*s - 18 = -l, -8*s = -3*s - x. What is the tens digit of l?
2
Let d(m) be the third derivative of m**6/120 + 2*m**5/5 + 23*m**4/24 + 49*m**3/3 - 164*m**2. What is the tens digit of d(-18)?
2
Let g = 221 - 206. Suppose 0 = -14*p + g*p - 598. What is the hundreds digit of p?
5
Let c(s) = 2*s**3 + 8*s**2 + 10*s + 18. Let r be c(-6). Let y = r + 325. What is the units digit of y?
9
Let n = 243 - 235. Suppose -n*k + 116 + 276 = 0. What is the units digit of k?
9
Let s be 255161/(-434) + 1/(-14). Let r = -135 - s. What is the units digit of r?
3
Suppose 4*y + 5*u = 80628, 21*y - 4